s 15 divide ((-36)/21)/(r/105)?
True
Let f = -83 + 82. Is 20 a factor of (-160)/(-1)*(-1 - -1 - f)?
True
Is (2151/6)/(3/2) a multiple of 26?
False
Suppose 4 = h + 3*h, 17 = -4*q + h. Let s(y) = 3*y**2 + 5*y - 7. Is 2 a factor of s(q)?
False
Let d = 491 - 181. Is 19 a factor of d?
False
Suppose 5*l - 31 = -6. Let m be 1*1*(-5)/5. Is (l - 1)/(m/(-4)) a multiple of 3?
False
Suppose -265 = -4*o - 3*f, -3*o + 198 = 5*f - 2*f. Is o a multiple of 51?
False
Let j(x) = 1341*x**2 - 37*x + 38. Does 61 divide j(1)?
True
Suppose -4*a - j - 4*j = -217, -4*a + 172 = -4*j. Let g = 16 + a. Is g a multiple of 9?
False
Let a = -14 + 95. Suppose -v + a = 2*v. Let w = v + 19. Does 15 divide w?
False
Suppose 0*z = -5*z + 15. Let d be (0 - 0/z)/(-1). Suppose -5*w + 252 + 368 = d. Is 25 a factor of w?
False
Let b = 1 + 11. Suppose p + b = 2*p. Let y = p + 5. Is 13 a factor of y?
False
Let d(j) = 8*j. Let c(f) = -f. Let v(a) = 6*c(a) + d(a). Is v(8) a multiple of 9?
False
Let x(i) = 40*i - 35. Is 45 a factor of x(2)?
True
Let m(r) = r**3 + 3*r**2 + 2*r + 3. Let c be m(-2). Suppose 3*f - 2*k - 160 = 0, -f + c*k + 84 = 26. Is (f/6)/(3/9) a multiple of 8?
False
Let g = 9 - 4. Suppose -c + 4*c + 6 = 0, -2*r + 10 = -3*c. Suppose 0 = -r*i + g + 31. Is 9 a factor of i?
True
Let r(s) = 55*s**3 - 2*s**2 + 4*s - 9. Is r(3) a multiple of 14?
True
Let d be 1/(4/(-192)) + 4. Let u = d + 66. Is 5 a factor of u?
False
Let d = -3 + -29. Let f = d + 9. Let p = f - -62. Is p a multiple of 13?
True
Let p = 82 + 122. Let h = p + -134. Suppose 4*j = 70 + h. Is j a multiple of 10?
False
Let h(k) = k**2 - 13*k + 14. Let z be h(14). Suppose z - 112 = -6*t. Is 7 a factor of t?
True
Is (-4)/(8/(-1177)) + 8/(-16) a multiple of 42?
True
Let y(r) be the second derivative of r**4/6 + r**3/6 - 2*r**2 - 10*r. Is y(-3) a multiple of 11?
True
Let i = -223 + 381. Let p = i + -114. Does 12 divide p?
False
Is 5 a factor of 5811/27 - (-4)/(-18)?
True
Let k be 6*((-30)/(-9))/5. Suppose -6 = -k*r + 5*r. Does 8 divide (2/r)/((-8)/552)?
False
Let g(n) = -n**3 + 2*n**2 + 5*n + 2. Suppose 6*t + 16 = 2*t. Is 38 a factor of g(t)?
False
Is 2 a factor of 118/8 + (-8 - -4)/(-16)?
False
Suppose 28 = 4*f - 2*z, 0 = f - 2*f - 4*z - 11. Suppose -3*j + t + 9 = 0, -f*j + 0*t - 2 = 4*t. Suppose h - 307 = -5*x + j*x, -1 = -h. Is 34 a factor of x?
True
Let x be ((-84)/(-14))/(1/18). Suppose 0 = 4*v - 4*i - x, 3*v - 165 = -2*v - 5*i. Is v a multiple of 10?
True
Suppose -4*m - 2*m = -48. Suppose -m = -q + 20. Is q a multiple of 14?
True
Does 27 divide (-1 - 0)/((-7581)/(-3794) - 2)?
False
Let h(x) = -x**3 + 15*x**2 - x + 19. Suppose -5*m = -m - 60. Let w be h(m). Suppose w*z - 68 = -2*y, 2*y = -2*z + 13 + 57. Is 17 a factor of y?
False
Suppose -45 = -4*k - 61. Is 13 a factor of (-3 - (-63 + 4)) + k?
True
Suppose 6*d - 44 = -26. Suppose -6*s + 483 = -d*s. Is 30 a factor of s?
False
Let h(r) = -690*r**3 - 1. Is 53 a factor of h(-1)?
True
Is 59 a factor of ((-2 - -12) + -9)*118?
True
Let t be 1/(3/(-9)) + 3 + 6. Let a(d) = 11*d - 46. Does 4 divide a(t)?
True
Let v be -1 + 3 + (-9 - -21). Let n = 14 - v. Suppose 3*t - 7*t + 144 = n. Does 9 divide t?
True
Suppose d - 292 = -5*g, -3*d = 8*g - 10*g - 910. Does 15 divide d?
False
Let c be ((-2)/(-7))/(3/21). Suppose 4*k = c*t + 16, -5*t - 3*k + 14 = -11. Suppose t*r - 54 = r. Is r a multiple of 18?
True
Let l be 128/12 - 4/6. Suppose 560 = -2*b + l*b. Is b a multiple of 10?
True
Let c(t) = 13*t**3 - 14*t**3 + 5 + t**2 - 4*t**2 + 9*t. Is c(-5) a multiple of 4?
False
Let g(n) = n**3 - n**2 + 69. Let y be g(0). Suppose -5*u = 5*s - 55, -5*u - s = -3*s - y. Let q(b) = -b**3 + 12*b**2 + 15*b + 5. Does 7 divide q(u)?
False
Suppose -2*b = 4*h - 21 - 15, -2*b + h + 51 = 0. Suppose 9*v + 67 = 202. Let m = b - v. Is 9 a factor of m?
True
Let j be (2 - (1 - 0)) + (20 - 18). Suppose k = -s + 141, 0 = -4*s + j*s - 2*k + 142. Does 35 divide s?
True
Let x = -46 - -132. Let o = x - 8. Does 13 divide o?
True
Suppose 678 = 9*m - 6756. Is 14 a factor of m?
True
Let r = -41 + 43. Is 3 a factor of (r/(-7))/((-36)/1008)?
False
Suppose -1776 = -3*i + 4*a, -5*i - a - 2355 = -9*i. Is i a multiple of 6?
True
Suppose -5*k + 33 = 2*c, -2*c + k = -0*k - 3. Suppose 5 = 2*f + c*l - 5, -4*f + 17 = 5*l. Suppose -4*n + 236 = 4*u, 2*u - f*n - 122 = -n. Is 10 a factor of u?
True
Suppose -3*s + v = -71, -7*v = -3*v - 16. Suppose 20*f + 350 = s*f. Is f a multiple of 10?
True
Let a be 0/((-8)/((-16)/4)). Suppose a = 2*y - 35 - 29. Is 4 a factor of y?
True
Suppose 3186 = 34*g - 2016. Is g a multiple of 9?
True
Let k be ((-12)/(-4) - 2)*1. Let b = k - -53. Is 27 a factor of b?
True
Let x = -37 + 62. Suppose 2*b - 47 = x. Is b a multiple of 12?
True
Suppose 12*f - 35 = 7*f. Suppose -2*j + 73 = -3*c, -c = -2 + f. Is 29 a factor of j?
True
Let d be 15 - (15/(-10))/(6/(-16)). Suppose d*s + 20 = 295. Does 3 divide s?
False
Let s be (4/(-10))/((-18)/1080). Suppose 276 - s = -2*p. Let f = 178 + p. Does 30 divide f?
False
Suppose -4*o + 438 = -0*o - 2*x, -4*x + 234 = 2*o. Is o a multiple of 10?
False
Suppose -3*p - 2*z = -37, -2*p = -4*z + 6 - 20. Let n = p - 25. Let b = n + 33. Does 12 divide b?
False
Suppose -4*o - o + 0*o = 0. Suppose 3*b - y - 2*y - 66 = 0, -b + 2*y + 18 = o. Is 4 a factor of b?
False
Let h = -1298 + 1666. Is h a multiple of 5?
False
Suppose -10 = -2*v - 4*y, -3*v - 2*y = -27 - 4. Let r = 11 + -7. Suppose 67 = r*i - v. Does 7 divide i?
False
Let z(j) = 63*j**2 - 2*j + 2. Is 21 a factor of z(1)?
True
Let s = -455 + 1105. Is s a multiple of 13?
True
Let b(o) = o**2 - 2*o + 3. Let a(c) = c + 3. Let l be a(0). Let w be b(l). Is 13 a factor of (7 + 6)/(2/w)?
True
Let z = 94 + -79. Let k(x) = -62*x + 2. Let b be k(-6). Suppose 3*a + w - 271 = 0, -4*a + w = z - b. Does 17 divide a?
False
Let y = 101 + -98. Is 5 a factor of (y/6)/((-3)/4)*-60?
True
Let f(u) = -u**3 + u**2 - 2*u - 2. Suppose l + 18 = -4*v + 3*l, 0 = -2*l + 10. Is f(v) a multiple of 7?
True
Is 7/(-56) + 11094/48 a multiple of 8?
False
Does 12 divide (-5)/3 + 2 + (-4945)/(-15)?
False
Let l(j) = -5*j + 264. Does 50 divide l(34)?
False
Suppose -6*j - 145 - 221 = 0. Let n = 9 - j. Does 35 divide n?
True
Suppose 0 = -q + 8 - 2. Suppose -3*l + 2*k = -4*l - q, -k = -4*l + 12. Suppose -4*i + 2 = p - 22, 5*p + 34 = l*i. Is 4 a factor of i?
False
Let p(t) = -45*t - 41. Does 7 divide p(-3)?
False
Suppose -3*b - 3 + 18 = 0. Suppose b*f + 85 = p, -2*p - 2*f = 3*f - 215. Is 25 a factor of p?
True
Suppose -v + 33 = -5*j, 2*v - v - 17 = -3*j. Suppose -v = -4*r + 9. Let u = 16 - r. Does 3 divide u?
False
Let s(o) = 4*o**2 - 1 - 1 - 5*o**2 - 4*o. Let m be s(-2). Suppose 2*l = -m*l + 48. Does 3 divide l?
True
Let s(i) = i**3 + 2*i**2 + i + 2. Let c be s(-2). Suppose 3*z = -c*z - 249. Is 3/(3/(-2)) - z a multiple of 27?
True
Suppose -3*i - 4*l = -3*l - 79, -5*l = -5. Does 3 divide i?
False
Let k(w) = w**3 - 9*w**2 + 5*w - 62. Is 24 a factor of k(13)?
False
Let i be 170/51 - 10/(-6). Suppose i*x - 4*d = 49 + 7, 0 = -d + 1. Is 12 a factor of x?
True
Let s(h) = -h + 9. Let y be s(7). Suppose -2*b - y*l = -74, -b + 5 + 32 = 2*l. Let w = b - 4. Is 9 a factor of w?
False
Let c be ((-2)/(-4))/((-14)/(-84)). Does 12 divide c/5 + (-69)/(-10)*16?
False
Suppose 4*z - 5*z = -38. Let m = z + -13. Suppose -m = -5*q - 0. Does 4 divide q?
False
Suppose 0 = -5*q - u, -q + 4 = -u - 2. Is 3 - (q + -13 + (-2 - -3)) even?
True
Let d(m) = m + 12. Let g be d(-10). Suppose -2*v + g + 0 = p, -3*p = -5*v + 27. Is 16 a factor of -14*(v - 135/21)?
True
Let u = 54 - -75. Does 21 divide u?
False
Let f(q) = -q**3 + 3*q + 1. Let t be f(-2). Suppose 3*x + 218 = 3*c + 59, -t*c = 5*x - 151. Is 26 a factor of c?
True
Let d be -5*((-12)/(-20) + -1). Let o be -6*(-1 - (d - 0)). Suppose -4*x + m = -m - 72, -x + o = m. Is 18 a factor of x?
True
Let k = 214 - 133. Does 8 divide k?
False
Let l(r) be the third derivative of -r**8/6720 - r**7/420 + r**6/180 + r**5/20 + r**4/8 - r**2. Let f(j) be the second derivative of l(j). Does 27 divide f(-7)?
True
Suppose 73 = 8*w - 175. Suppose -w - 65 = -4*p. Is 15 a factor of (-24)/((p/(-15))/4)?
True
Let b(x) = -x**3 - 9*x**2 + 2*x + 12. Let r be b(-9). Let y be 36 + r/2 + 2. Let l = y - 13. Is 11 a factor of l?
True
Let i(l) = -l - 11. Let c(m) = -3 - 2 + 4. Let z(x) = 